is the tens digit of k(b)?
1
Suppose 4*w - 32 = 5*m, -m = 4*w + 3*m + 4. Suppose 4*f - w*f - k = -2, -5*f = -2*k - 2. What is the units digit of f?
2
Let u(o) = o**2 - 11*o + 15. Let f(i) = 3*i - 6. Let a(w) = w + 1. Let v(m) = 4*a(m) - f(m). Let k be v(0). What is the units digit of u(k)?
5
Let t be -1 + (-2)/(-2) + 4. Let l(h) = -h + 12. Let u be l(9). Let n = t + u. What is the units digit of n?
7
Suppose 4*z - 24 = -4*m - 0*z, 3*m - 2*z = 3. Suppose -15 + 39 = -m*q. What is the units digit of ((-18)/q)/((-6)/(-16))?
6
Suppose -4*y + 2*x = -0*y, 2*y = -4*x. Suppose y + 54 = 2*t. What is the units digit of t?
7
Let i be (-10)/(-25) + 464/(-10). Let l = i - -28. Let m = -11 - l. What is the units digit of m?
7
Suppose 7 = 5*l + 22. What is the units digit of (-3 - -5)/(l/(-15))?
0
Suppose -v + 2*d - 5 + 3 = 0, -5*d + 5 = 2*v. Let p = v - -4. Suppose -p*x - x = -15. What is the units digit of x?
3
Let t = -16 + 35. Let q = 41 - t. What is the tens digit of q?
2
Let a be -2*-2*63/12. Suppose 4*m - 10 = -2*t, 0*t + 3*m = 3*t + a. Let s = t + 12. What is the units digit of s?
9
Let f(h) = -h**3 - 2*h**2 + 3*h - 4. Let y(b) = b**3 - 3*b**2 - b - 1. Let k be y(3). What is the tens digit of f(k)?
1
Let f(p) be the first derivative of p**3/3 - 2*p - 2. Let j be f(2). Suppose -j*l = -l - 8. What is the units digit of l?
8
Suppose 280 = 3*a + c, 92 = a - c + 2*c. What is the units digit of a?
4
Let t(c) be the first derivative of c**2/2 - 2*c - 3. Let g be t(7). Suppose g*w - 1 = 19. What is the units digit of w?
4
Let a be (8/10)/((-2)/(-15)). Let m(r) = r**2 - 7*r + 7. What is the units digit of m(a)?
1
Let d(p) = p**2 + 7*p - 10. Suppose 8 = -3*t + 2*t. Let q be d(t). What is the tens digit of q/((-39)/33 + 1)?
1
Let y(t) = -t**2 + 4*t + 2. Let b be y(4). Suppose -b*z + 3 = -z. Suppose 3*i = -4*d - 11, z*i = -4*d + i - 6. What is the units digit of d?
1
Let q(a) = -a**2 + a + 76. What is the units digit of q(0)?
6
Suppose 0 = -0*j - j + 3, -3*d = 5*j - 12. What is the units digit of (-4)/(-2) - (-5 - d)?
6
Suppose 10 = -0*t + 2*t. Let x = 12 - t. What is the units digit of x?
7
Let w be (2/(-2))/((-5)/25). Suppose 10 = w*l - 0. Suppose l*h = -h + 18. What is the units digit of h?
6
Let z(g) = -7*g - 11. What is the tens digit of z(-16)?
0
Suppose 7 = j - n, -5*j = 4*n - 67 - 13. Let h = j - -1. What is the units digit of h?
3
Suppose 5*q - 200 = -0*j - 5*j, 5*q = 4*j - 196. What is the units digit of j?
4
Suppose -2*c + 450 = 3*n, -3*n - 4*c + 444 = -0*n. What is the tens digit of n?
5
Let v = 11 - -12. Suppose 0 = 5*a - 47 - v. Let o = 2 + a. What is the tens digit of o?
1
Let p(q) = -4*q**3 - 9*q**2 - q - 2. Let f(k) = -2*k**3 - 4*k**2 - 1. Let b(x) = -5*f(x) + 2*p(x). What is the units digit of b(2)?
1
Suppose 10*d - 13*d = 63. Let s = 22 - d. What is the tens digit of s?
4
Suppose -4 = -n - 3*n. Suppose -3*p = -n - 2. What is the units digit of 1 + -4 - (-17 + p)?
3
Let y(r) = 2*r**2 + 5*r - 11. What is the units digit of y(-6)?
1
Let k = 2 - 3. What is the units digit of (-3)/3 - (-1 + k)?
1
Let c be 2*1/(6/9). Suppose -c*i = 2*i - 60. What is the units digit of i?
2
Suppose -110 - 30 = -4*b. What is the tens digit of b?
3
Suppose 4*c + 16 = 0, c = -2*i + 2*c + 20. Let v = i + 12. What is the tens digit of v?
2
Let c = -136 + 280. What is the hundreds digit of c?
1
Let z = -126 - -272. What is the tens digit of z?
4
Let q(j) = -4*j + 52. What is the units digit of q(-17)?
0
Suppose 14 = 2*y + 4*d, 4*y - 10 = -0*y + d. Suppose -r - 3*r - 5*i + 13 = 0, -y*r + i = -5. What is the units digit of (-1 + -1)/(r/(-5))?
5
Let x = -5 + 5. Suppose x*q - 6 = -q. What is the units digit of q?
6
Suppose r + 285 = 4*k, k + 275 = 5*k + r. What is the tens digit of k?
7
Let l be (-1 - -1)/(0 - 1). Suppose -4*h + 3 + 13 = l. Let a = 2 + h. What is the units digit of a?
6
Let l(h) = h**3 - 2*h**2 + 4*h - 3. Let r be l(2). Suppose -r*b + 76 - 26 = 0. What is the tens digit of b?
1
Suppose -j - 3*y + 5 = 0, -4*j - 4*y + 20 = -y. What is the units digit of j?
5
Suppose -47 = 17*a - 18*a. Let u = a + -9. What is the tens digit of u?
3
Let p = -14 - -19. What is the units digit of p?
5
Suppose 5*l - 23 = -2*w, 0*w - 44 = -w + 4*l. What is the tens digit of w?
2
Suppose 0 = m - 3 - 63. What is the units digit of m?
6
Suppose -5*d = -2*d - 120. Suppose 5*t - 4*q - 102 = d, 2*q = 5*t - 136. What is the tens digit of t?
2
Let w(t) = t**2 - 3*t + 1. Let v be w(4). Let h = v - 10. Let u = h + 10. What is the units digit of u?
5
Let b(y) = 8*y + 7. What is the units digit of b(4)?
9
Let l(w) = w**2 - 5. Suppose -1 - 3 = -t. What is the units digit of l(t)?
1
Suppose y - 3*x = -1 - 11, -5*y = -5*x + 20. Suppose -w + 6*w - 185 = y. What is the tens digit of w?
3
Suppose -o + 2 + 20 = 0. Suppose 0 = -5*b + 4*m + 83, -2*b - 4*m = -0*b - o. What is the units digit of b?
5
Suppose 0 = -2*x + 48 - 8. Suppose -3*s - 2 = z, 0*s + x = -4*s. What is the tens digit of z?
1
Let u = -100 - -141. What is the units digit of u?
1
Let f = 25 + -18. What is the units digit of f?
7
Suppose -5*s - c + 33 = 0, -s - 4*c + 20 - 2 = 0. Suppose 3*l + 2*m = -3*m - s, 4 = -l - m. Let z(o) = o**2 + 7*o + 2. What is the units digit of z(l)?
2
What is the tens digit of (0 + 1)/((-1056)/(-150) - 7)?
2
Suppose 341 = 4*u - 3*c + 51, -5*u = -5*c - 360. What is the tens digit of u?
7
Suppose -n - 4*n - 25 = -5*g, -4*n + 44 = 4*g. Suppose -32 = -o - g. What is the units digit of o?
4
Let j(b) = b**3 - b**2 - 3*b - 4. Let m be j(4). What is the units digit of 3/2*m/6?
8
Let l be (-173)/(-7) + 20/70. Let n = -21 + l. What is the units digit of n?
4
Let s(n) = -58*n - 3. Let b be s(-2). Suppose -3*t + 45 = -5*z, -3*t - 5*z = -b + 38. What is the units digit of t?
0
Suppose -2*m - 2 = -6. Suppose -5*g = m*f + f - 3, 4*f = -g - 13. Suppose 0 = -4*q + g + 25. What is the units digit of q?
7
Let r(h) = h + 2. Let w be r(4). Let f be (w/(-9))/((-4)/(-30)). What is the tens digit of 14*(-3)/(2 + f)?
1
Suppose -14 = -4*k + 50. What is the tens digit of k?
1
Let g(b) = -b**3 + 10*b**2 + 2*b + 3. What is the tens digit of g(10)?
2
Let o(d) = d**2 + 3*d + 6. Let k be o(-6). Suppose -3*l - k = -3*y - 5*l, 0 = l. What is the units digit of 10/(-4)*y/(-10)?
2
What is the units digit of ((-28)/8)/((-5)/20)?
4
Let x = 27 + -14. Suppose 0 = i - 5, 3*i = n - 0*i + x. Suppose -k + 27 = n*k. What is the units digit of k?
9
Suppose -3*w + 8*w - 15 = 0. Suppose 0 = -w*c + 6*c - 15. Suppose -5*n - b = -33, 0*b - b - 37 = -c*n. What is the units digit of n?
7
Let g(x) be the first derivative of x**3/3 - 4*x**2 + 9*x - 1. What is the units digit of g(8)?
9
Suppose 2*s + 202 = 4*a, -3*a + 156 = -s - 2*s. What is the tens digit of a?
4
Let d = 71 + -22. Let i = -33 + d. What is the tens digit of i?
1
Suppose -2*y + 2*s + 26 = 0, s - 68 = -5*y + 3*s. Suppose w - y = t, w + 0 - 16 = -t. What is the tens digit of w?
1
Let v(x) = -x**3 - 13*x**2 + 15*x + 15. Let b be v(-14). Let q(t) = 32*t**3 + t**2. What is the units digit of q(b)?
3
Suppose 0 = 3*g - 3. What is the units digit of g?
1
Let i(p) = p - 1. Let u(v) = -5*v + 2. Let a(k) = 4*i(k) + u(k). Let q be a(-9). Suppose 2*c - q = 7. What is the units digit of c?
7
Let x be 1/((-78)/38 + 2). Let d be (5/(-15))/((-2)/(-78)). Let c = d - x. What is the units digit of c?
6
Let w(y) = y**2 - 3*y - 1. Suppose -14 + 2 = -4*p. Let k be ((-4)/(-6))/((-1)/p). What is the units digit of w(k)?
9
Let m(g) = -g**3 - g + 8. Let u be m(0). Suppose -q + 27 = 5*j, 0 = -q - 2*j + 4 + 8. Suppose -u + q = -2*p. What is the units digit of p?
3
Let h be (0 - 3/(-6))*106. Suppose 3 = -2*c + h. Suppose -3*j - c = -i + 2*j, 8 = -2*j. What is the units digit of i?
5
Let d = -7 - -10. Suppose -5*h + 27 = -2*p, 0 = 4*h - d*p - 11 - 12. What is the units digit of h?
5
Let b be ((-1)/((-1)/2))/(-1). What is the units digit of (3 - b) + 1 - 1?
5
Let p(r) = r**2 + 3*r + 4. Let t be p(-3). Let h = 7 - t. What is the units digit of h?
3
Suppose -w - 4*w + 70 = 0. Suppose m - 2*m = -w. What is the tens digit of m?
1
Let r be 0 - ((1 - 0) + -1). Let h = 3 - r. What is the units digit of h?
3
Let g = -61 + 43. Let p = g - -31. What is the units digit of p?
3
Let s be 15/6 + (-1)/(-2). Suppose m = 2*h - 0*m - s, -h + 4*m 